factors of 164050.
2, 5, 17, 193
List the prime factors of 25771382.
2, 7, 13, 141601
What are the prime factors of 16496?
2, 1031
What are the prime factors of 996505?
5, 41, 4861
List the prime factors of 430085.
5, 86017
List the prime factors of 1975082.
2, 987541
What are the prime factors of 609399?
3, 7, 17, 569
What are the prime factors of 11908?
2, 13, 229
What are the prime factors of 21322058?
2, 23, 463523
What are the prime factors of 215482?
2, 107741
What are the prime factors of 1067851?
1067851
List the prime factors of 11956997.
13, 919769
What are the prime factors of 2594735?
5, 11, 13, 19, 191
What are the prime factors of 4320040?
2, 5, 17, 6353
List the prime factors of 5381817.
3, 7, 31, 1181
List the prime factors of 163728.
2, 3, 379
List the prime factors of 65493.
3, 19, 383
List the prime factors of 10028391.
3, 23, 101, 1439
What are the prime factors of 6261620?
2, 5, 313081
List the prime factors of 125648.
2, 7853
List the prime factors of 7188143.
29, 311, 797
What are the prime factors of 666158?
2, 83, 4013
What are the prime factors of 2233092?
2, 3, 71, 2621
List the prime factors of 11083914.
2, 3, 615773
What are the prime factors of 6487000?
2, 5, 13, 499
What are the prime factors of 2957682?
2, 3, 7, 13, 5417
What are the prime factors of 961061?
17, 56533
What are the prime factors of 77980?
2, 5, 7, 557
What are the prime factors of 2252962?
2, 977, 1153
What are the prime factors of 8202454?
2, 13, 389, 811
What are the prime factors of 7012432?
2, 7, 17, 29, 127
What are the prime factors of 103930?
2, 5, 19, 547
List the prime factors of 2650545.
3, 5, 58901
List the prime factors of 1197429.
3, 17, 53, 443
List the prime factors of 4602145.
5, 61, 79, 191
What are the prime factors of 3501984?
2, 3, 36479
What are the prime factors of 973845?
3, 5, 17, 19, 67
What are the prime factors of 6901201?
17, 67, 73, 83
List the prime factors of 2313923.
233, 9931
List the prime factors of 8105329.
8105329
List the prime factors of 18319508.
2, 4579877
List the prime factors of 141046.
2, 109, 647
List the prime factors of 4131608.
2, 13, 39727
What are the prime factors of 218196?
2, 3, 11, 19, 29
What are the prime factors of 2822048?
2, 29, 3041
What are the prime factors of 104111?
7, 107, 139
List the prime factors of 12222846.
2, 3, 151, 1499
List the prime factors of 29423465.
5, 71, 82883
List the prime factors of 516829.
516829
List the prime factors of 1754040.
2, 3, 5, 47, 311
List the prime factors of 890538.
2, 3, 11, 103, 131
What are the prime factors of 577923?
3, 19, 10139
What are the prime factors of 3645494?
2, 101, 18047
What are the prime factors of 26774430?
2, 3, 5, 892481
What are the prime factors of 1993481?
7, 284783
What are the prime factors of 312402?
2, 3, 52067
List the prime factors of 29415630.
2, 3, 5, 59, 16619
List the prime factors of 9391434.
2, 3, 13, 19, 6337
List the prime factors of 523941.
3, 11, 15877
What are the prime factors of 3718524?
2, 3, 309877
What are the prime factors of 3289708?
2, 599, 1373
List the prime factors of 2186024.
2, 273253
What are the prime factors of 257141?
257141
What are the prime factors of 16237250?
2, 5, 107, 607
List the prime factors of 63055.
5, 12611
What are the prime factors of 563268?
2, 3, 73, 643
List the prime factors of 14701474.
2, 139, 52883
What are the prime factors of 57753?
3, 23, 31
List the prime factors of 1199794.
2, 157, 3821
List the prime factors of 148419.
3, 23, 239
List the prime factors of 385283.
79, 4877
List the prime factors of 26861.
26861
What are the prime factors of 674530?
2, 5, 67453
What are the prime factors of 20306?
2, 11, 13, 71
What are the prime factors of 523489?
523489
What are the prime factors of 889289?
889289
What are the prime factors of 27835279?
27835279
What are the prime factors of 3341359?
7, 19, 37, 97
What are the prime factors of 585115?
5, 117023
What are the prime factors of 13696573?
11, 199, 6257
What are the prime factors of 2226734?
2, 37, 30091
List the prime factors of 781228.
2, 7, 27901
List the prime factors of 5434419.
3, 1811473
What are the prime factors of 544037?
13, 41849
List the prime factors of 2608821.
3, 23, 4201
List the prime factors of 35310676.
2, 41, 215309
List the prime factors of 3896234.
2, 647, 3011
What are the prime factors of 4376732?
2, 1094183
What are the prime factors of 779422?
2, 7, 55673
List the prime factors of 169993.
19, 23, 389
What are the prime factors of 550634?
2, 7, 37, 1063
List the prime factors of 19161900.
2, 3, 5, 47, 151
List the prime factors of 7753853.
17, 456109
What are the prime factors of 124819?
124819
List the prime factors of 8872601.
19, 127, 3677
What are the prime factors of 2108074?
2, 139, 7583
List the prime factors of 114675.
3, 5, 11, 139
What are the prime factors of 338350?
2, 5, 67, 101
What are the prime factors of 8404662?
2, 3, 7, 97, 2063
List the prime factors of 478696.
2, 53, 1129
What are the prime factors of 16254704?
2, 1015919
What are the prime factors of 5944156?
2, 137, 10847
What are the prime factors of 7363312?
2, 11, 17, 23, 107
What are the prime factors of 12756558?
2, 3, 509, 4177
What are the prime factors of 2605384?
2, 325673
List the prime factors of 19075.
5, 7, 109
What are the prime factors of 350689?
61, 5749
What are the prime factors of 11711337?
3, 11, 367, 967
What are the prime factors of 1355857?
1355857
List the prime factors of 5181783.
3, 1727261
What are the prime factors of 158760?
2, 3, 5, 7
What are the prime factors of 168455?
5, 7, 4813
List the prime factors of 143933.
31, 4643
List the prime factors of 5285839.
13, 617, 659
List the prime factors of 414728.
2, 47, 1103
What are the prime factors of 1403199?
3, 7, 22273
What are the prime factors of 266575?
5, 10663
List the prime factors of 693674.
2, 127, 2731
What are the prime factors of 402591?
3, 7, 19, 1009
What are the prime factors of 261925?
5, 10477
What are the prime factors of 16120390?
2, 5, 11, 13, 11273
List the prime factors of 5218943.
31, 168353
List the prime factors of 680979.
3, 13, 19, 919
What are the prime factors of 113458?
2, 17, 47, 71
List the prime factors of 209515.
5, 41903
List the prime factors of 20489567.
7, 73, 101, 397
What are the prime factors of 2095078?
2, 1047539
What are the prime factors of 186128?
2, 11633
What are the prime factors of 12302713?
17, 641, 1129
List the prime factors of 237376.
2, 3709
What are the prime factors of 257030?
2, 5, 25703
What are the prime factors of 10220431?
13, 659, 1193
List the prime factors of 17471170.
2, 5, 1747117
List the prime factors of 474607.
7, 67801
What are the prime factors of 169746?
2, 3, 19, 1489
What are the prime factors of 840978?
2, 3, 19, 2459
What are the prime factors of 304605?
3, 5, 7, 967
What are the prime factors of 116999?
79, 1481
List the prime factors of 762309.
3, 84701
What are the prime factors of 1071961?
11, 19, 23, 223
List the prime factors of 4471690.
2, 5, 239, 1871
What are the prime factors of 1580445?
3, 5, 23, 509
List the prime factors of 11783965.
5, 2356793
List the prime factors of 40585.
5, 8117
List the prime factors of 65209.
61, 1069
What are the prime factors of 10580405?
5, 11, 47, 4093
List the prime factors of 5152968.
2, 3, 71569
What are the prime factors of 4118712?
2, 3, 13, 43, 307
List the prime factors of 78645.
3, 5, 7, 107
What are the prime factors of 523911?
3, 174637
List the prime factors of 9306266.
2, 293, 15881
What are the prime factors of 3998300?
2, 5, 39983
List the prime factors of 8698694.
2, 19, 228913
List the prime factors of 332021.
29, 107
List the prime factors of 309193.
309193
List the prime factors of 379337.
7, 47, 1153
List the prime factors of 16831113.
3, 13, 431567
What are the prime factors of 14650681?
14650681
List the prime factors of 477762.
2, 3, 79627
List the prime factors of 3077090.
2, 5, 47, 6547
List the prime factors of 41010441.
3, 157, 87071
List the prime factors of 1126331.
29, 38839
What are the prime factors of 5543483?
11, 23, 21911
List the prime factors of 1399477.
1399477
List the prime factors of 20580093.
3, 89, 25693
What are the prime factors of 5675426?
2, 2837713
List the prime factors of 33